{"id":1380,"date":"2023-08-15T18:27:42","date_gmt":"2023-08-15T18:27:42","guid":{"rendered":"https:\/\/www.ifoew.at\/?page_id=1380"},"modified":"2024-02-07T12:16:28","modified_gmt":"2024-02-07T12:16:28","slug":"taetigkeitsspektrum-2","status":"publish","type":"page","link":"https:\/\/www.ifoew.at\/?page_id=1380","title":{"rendered":"T\u00e4tigkeitsspektrum"},"content":{"rendered":"<h2>T\u00e4tigkeitsspektrum<\/h2>\n<div>\n<p>Der Fokus des <strong>if\u00f6w<\/strong> richtet sich auf vier <span>\u2013 sich erg\u00e4nzende und inhaltlich miteinander vernetzte &#8211; <\/span>Kernbereiche. Die Wirtschaftsforschung selbst stellt den zentralen Baustein unserer T\u00e4tigkeit dar und dient als Forschungs- und Wissensbasis. Wir nehmen aktiv am wirtschaftspolitischen Diskurs teil.<\/p>\n<p>Im <strong>if\u00f6w<\/strong> erg\u00e4nzen sich \u00fcberbetriebliche und einzelbetriebliche Perspektiven. Unser Daten-Schwerpunkt liegt auf Sekund\u00e4rdaten \u2013 erg\u00e4nzend k\u00f6nnen Prim\u00e4rdaten erhoben werden.<\/p>\n<p>Auf Grundlage dieser Expertise sind wir auch im Bereich der Aus- und Weiterbildung t\u00e4tig und halten zahlreiche Vortr\u00e4ge, Seminare und Webinare zu unterschiedlichen volks- und betriebswirtschaftlichen Fragestellungen. <span>Zudem stehen wir Entscheidungstr\u00e4gern der Wirtschaftspolitik zu einem breiten Spektrum an Themen <\/span><span>als <\/span><span>Informations- und Datenquelle<\/span><span> und zur Entscheidungsfindung proaktiv zur Seite.<\/span><\/p>\n<\/p>\n<\/div>\n<p><img decoding=\"async\" src=\"\/wp-content\/uploads\/2024\/02\/Taetigkeitsspektrum_neu24.png\" alt=\"\"><\/p>\n<p><!--more--><br \/>\n<!-- {\"type\":\"layout\",\"children\":[{\"name\":\"About\",\"type\":\"section\",\"props\":{\"animation_delay\":false,\"image_position\":\"center-center\",\"image_size\":\"cover\",\"padding\":\"large\",\"padding_remove_bottom\":false,\"padding_remove_top\":false,\"style\":\"default\",\"title_breakpoint\":\"xl\",\"title_position\":\"top-left\",\"title_rotation\":\"left\",\"vertical_align\":\"middle\",\"width\":\"default\"},\"children\":[{\"type\":\"row\",\"props\":{\"layout\":\"1-3,2-3\"},\"children\":[{\"type\":\"column\",\"props\":{\"image_position\":\"center-center\",\"position_sticky_breakpoint\":\"m\",\"width_medium\":\"1-3\"},\"children\":[{\"type\":\"headline\",\"props\":{\"content\":\"T\\u00e4tigkeitsspektrum\",\"title_decoration\":\"bullet\",\"title_element\":\"h2\",\"title_style\":\"h3\"}}]},{\"type\":\"column\",\"props\":{\"image_position\":\"center-center\",\"position_sticky_breakpoint\":\"m\",\"width_medium\":\"2-3\"},\"children\":[{\"type\":\"text\",\"props\":{\"column_breakpoint\":\"m\",\"content\":\"\n\n<p>Der Fokus des <strong>if\\u00f6w<\\\/strong> richtet sich auf vier <span>\\u2013 sich erg\\u00e4nzende und inhaltlich miteinander vernetzte - <\\\/span>Kernbereiche. Die Wirtschaftsforschung selbst stellt den zentralen Baustein unserer T\\u00e4tigkeit dar und dient als Forschungs- und Wissensbasis. Wir nehmen aktiv am wirtschaftspolitischen Diskurs teil.<\\\/p>\\n\n\n<p>Im <strong>if\\u00f6w<\\\/strong> erg\\u00e4nzen sich \\u00fcberbetriebliche und einzelbetriebliche Perspektiven. Unser Daten-Schwerpunkt liegt auf Sekund\\u00e4rdaten \\u2013 erg\\u00e4nzend k\\u00f6nnen Prim\\u00e4rdaten erhoben werden.<\\\/p>\\n\n\n<p>Auf Grundlage dieser Expertise sind wir auch im Bereich der Aus- und Weiterbildung t\\u00e4tig und halten zahlreiche Vortr\\u00e4ge, Seminare und Webinare zu unterschiedlichen volks- und betriebswirtschaftlichen Fragestellungen. <span>Zudem stehen wir Entscheidungstr\\u00e4gern der Wirtschaftspolitik zu einem breiten Spektrum an Themen <\\\/span><span>als <\\\/span><span>Informations- und Datenquelle<\\\/span><span> und zur Entscheidungsfindung proaktiv zur Seite.<\\\/span><\\\/p>\\n\n\n<p><\\\/p>\",\"margin\":\"default\"}},{\"type\":\"image\",\"props\":{\"image\":\"wp-content\\\/uploads\\\/2024\\\/02\\\/Taetigkeitsspektrum_neu24.png\",\"image_svg_color\":\"emphasis\",\"image_width\":\"50%\",\"margin\":\"default\"}}]}]}]}],\"version\":\"4.0.8\"} --><\/p>\n","protected":false},"excerpt":{"rendered":"<p>T\u00e4tigkeitsspektrum Der Fokus des if\u00f6w richtet sich auf vier \u2013 sich erg\u00e4nzende und inhaltlich miteinander vernetzte &#8211; Kernbereiche. Die Wirtschaftsforschung selbst stellt den zentralen Baustein unserer T\u00e4tigkeit dar und dient als Forschungs- und Wissensbasis. Wir nehmen aktiv am wirtschaftspolitischen Diskurs teil. Im if\u00f6w erg\u00e4nzen sich \u00fcberbetriebliche und einzelbetriebliche Perspektiven. Unser Daten-Schwerpunkt liegt auf Sekund\u00e4rdaten \u2013 [&hellip;]<\/p>\n","protected":false},"author":1,"featured_media":0,"parent":0,"menu_order":0,"comment_status":"closed","ping_status":"closed","template":"","meta":{"_acf_changed":false,"footnotes":""},"class_list":["post-1380","page","type-page","status-publish","hentry"],"acf":[],"_links":{"self":[{"href":"https:\/\/www.ifoew.at\/index.php?rest_route=\/wp\/v2\/pages\/1380","targetHints":{"allow":["GET"]}}],"collection":[{"href":"https:\/\/www.ifoew.at\/index.php?rest_route=\/wp\/v2\/pages"}],"about":[{"href":"https:\/\/www.ifoew.at\/index.php?rest_route=\/wp\/v2\/types\/page"}],"author":[{"embeddable":true,"href":"https:\/\/www.ifoew.at\/index.php?rest_route=\/wp\/v2\/users\/1"}],"replies":[{"embeddable":true,"href":"https:\/\/www.ifoew.at\/index.php?rest_route=%2Fwp%2Fv2%2Fcomments&post=1380"}],"version-history":[{"count":12,"href":"https:\/\/www.ifoew.at\/index.php?rest_route=\/wp\/v2\/pages\/1380\/revisions"}],"predecessor-version":[{"id":1638,"href":"https:\/\/www.ifoew.at\/index.php?rest_route=\/wp\/v2\/pages\/1380\/revisions\/1638"}],"wp:attachment":[{"href":"https:\/\/www.ifoew.at\/index.php?rest_route=%2Fwp%2Fv2%2Fmedia&parent=1380"}],"curies":[{"name":"wp","href":"https:\/\/api.w.org\/{rel}","templated":true}]}}

Tätigkeitsspektrum

<h2>Tätigkeitsspektrum</h2>
<div>
<p>Der Fokus des <strong>iföw</strong> richtet sich auf vier <span>– sich ergänzende und inhaltlich miteinander vernetzte &#8211; </span>Kernbereiche. Die Wirtschaftsforschung selbst stellt den zentralen Baustein unserer Tätigkeit dar und dient als Forschungs- und Wissensbasis. Wir nehmen aktiv am wirtschaftspolitischen Diskurs teil.</p>
<p>Im <strong>iföw</strong> ergänzen sich überbetriebliche und einzelbetriebliche Perspektiven. Unser Daten-Schwerpunkt liegt auf Sekundärdaten – ergänzend können Primärdaten erhoben werden.</p>
<p>Auf Grundlage dieser Expertise sind wir auch im Bereich der Aus- und Weiterbildung tätig und halten zahlreiche Vorträge, Seminare und Webinare zu unterschiedlichen volks- und betriebswirtschaftlichen Fragestellungen. <span>Zudem stehen wir Entscheidungsträgern der Wirtschaftspolitik zu einem breiten Spektrum an Themen </span><span>als </span><span>Informations- und Datenquelle</span><span> und zur Entscheidungsfindung proaktiv zur Seite.</span></p>
</p>
</div>
<p><img decoding="async" src="/wp-content/uploads/2024/02/Taetigkeitsspektrum_neu24.png" alt=""></p>
<p><!--more--><br />
<!-- {"type":"layout","children":[{"name":"About","type":"section","props":{"animation_delay":false,"image_position":"center-center","image_size":"cover","padding":"large","padding_remove_bottom":false,"padding_remove_top":false,"style":"default","title_breakpoint":"xl","title_position":"top-left","title_rotation":"left","vertical_align":"middle","width":"default"},"children":[{"type":"row","props":{"layout":"1-3,2-3"},"children":[{"type":"column","props":{"image_position":"center-center","position_sticky_breakpoint":"m","width_medium":"1-3"},"children":[{"type":"headline","props":{"content":"T\u00e4tigkeitsspektrum","title_decoration":"bullet","title_element":"h2","title_style":"h3"}}]},{"type":"column","props":{"image_position":"center-center","position_sticky_breakpoint":"m","width_medium":"2-3"},"children":[{"type":"text","props":{"column_breakpoint":"m","content":"

<p>Der Fokus des <strong>if\u00f6w<\/strong> richtet sich auf vier <span>\u2013 sich erg\u00e4nzende und inhaltlich miteinander vernetzte - <\/span>Kernbereiche. Die Wirtschaftsforschung selbst stellt den zentralen Baustein unserer T\u00e4tigkeit dar und dient als Forschungs- und Wissensbasis. Wir nehmen aktiv am wirtschaftspolitischen Diskurs teil.<\/p>\n

<p>Im <strong>if\u00f6w<\/strong> erg\u00e4nzen sich \u00fcberbetriebliche und einzelbetriebliche Perspektiven. Unser Daten-Schwerpunkt liegt auf Sekund\u00e4rdaten \u2013 erg\u00e4nzend k\u00f6nnen Prim\u00e4rdaten erhoben werden.<\/p>\n

<p>Auf Grundlage dieser Expertise sind wir auch im Bereich der Aus- und Weiterbildung t\u00e4tig und halten zahlreiche Vortr\u00e4ge, Seminare und Webinare zu unterschiedlichen volks- und betriebswirtschaftlichen Fragestellungen. <span>Zudem stehen wir Entscheidungstr\u00e4gern der Wirtschaftspolitik zu einem breiten Spektrum an Themen <\/span><span>als <\/span><span>Informations- und Datenquelle<\/span><span> und zur Entscheidungsfindung proaktiv zur Seite.<\/span><\/p>\n

<p><\/p>","margin":"default"}},{"type":"image","props":{"image":"wp-content\/uploads\/2024\/02\/Taetigkeitsspektrum_neu24.png","image_svg_color":"emphasis","image_width":"50%","margin":"default"}}]}]}]}],"version":"4.0.8"} --></p>

<p>Tätigkeitsspektrum Der Fokus des iföw richtet sich auf vier – sich ergänzende und inhaltlich miteinander vernetzte &#8211; Kernbereiche. Die Wirtschaftsforschung selbst stellt den zentralen Baustein unserer Tätigkeit dar und dient als Forschungs- und Wissensbasis. Wir nehmen aktiv am wirtschaftspolitischen Diskurs teil. Im iföw ergänzen sich überbetriebliche und einzelbetriebliche Perspektiven. Unser Daten-Schwerpunkt liegt auf Sekundärdaten – [&hellip;]</p>
